{"id":22,"date":"2021-05-23T12:57:07","date_gmt":"2021-05-23T12:57:07","guid":{"rendered":"https:\/\/psychotherapie-berendes.de\/?page_id=22"},"modified":"2023-04-05T10:19:47","modified_gmt":"2023-04-05T10:19:47","slug":"angebot","status":"publish","type":"page","link":"https:\/\/psychotherapie-berendes.de\/?page_id=22","title":{"rendered":"Angebot"},"content":{"rendered":"\n<p>Wir bieten Verhaltenstherapie f\u00fcr gesetzlich Krankenversicherte, Privatversicherte und Selbstzahler an. Aktuell ist es jedoch ausschlie\u00dflich m\u00f6glich bei uns eine Kombi-Therapie bestehend aus Einzel- und Gruppentherapie zu machen. Pl\u00e4tze f\u00fcr eine reine Einzeltherapie bieten wir zur Zeit nicht an.<\/p>\n\n\n\n<p><strong>Was ist eigentlich Verhaltenstherapie?<\/strong><\/p>\n\n\n\n<p>Urspr\u00fcnglich geht es bei der Verhaltenstherapie um das Lernen und Verlernen von Verhalten, also die sogenannte Konditionierung. Man geht davon aus, dass ein Verhalten (also was Sie jetzt z.B. st\u00f6rt und was Sie loswerden wollen) irgendwann mal gelernt wurde da es vielleicht einen Zweck erf\u00fcllt hat. Wir betrachten also das Verhalten und versuchen Wege zu finden es zu \u00e4ndern. Dabei schauen wir auch auf die Gedanken, Gef\u00fchle und die k\u00f6rperlichen Reaktionen die neben dem Verhalten noch auftreten.<\/p>\n\n\n\n<p>Mittlerweile hat sich die Verhaltenstherapie stark weiterentwickelt. Neben der sog. Kognitiven Verhaltenstherapie \u2013 hierbei schaut man sich das WIE und WAS des Denkens genauer an \u2013 gibt es auch Verfahren der sog. \u201eDritten Welle\u201c wie die kl\u00e4rungsorientierte Psychotherapie oder die Schematherapie.<\/p>\n\n\n\n<p>Bei Interesse erz\u00e4hle ich Ihnen gerne mehr \u00fcber die einzelnen Verfahren! Sprechen Sie mich einfach an!<\/p>\n\n\n\n<p><strong>Beziehung ist das A und O in der Therapie<\/strong><\/p>\n\n\n\n<p>F\u00fcr mich ist die Psychotherapie eine wertvolle Begegnung zwischen zwei Menschen! Wenn Sie zu mir kommen sollen Sie sich wohlf\u00fchlen! Hierbei sind mir ein Kontakt auf Augenh\u00f6he und ein respektvoller Umgang besonders wichtig!<\/p>\n","protected":false},"excerpt":{"rendered":"<p>Wir bieten Verhaltenstherapie f\u00fcr gesetzlich Krankenversicherte, Privatversicherte und Selbstzahler an. Aktuell ist es jedoch ausschlie\u00dflich m\u00f6glich bei uns eine Kombi-Therapie bestehend aus Einzel- und Gruppentherapie zu machen. Pl\u00e4tze f\u00fcr eine [&hellip;]<\/p>\n","protected":false},"author":1,"featured_media":0,"parent":0,"menu_order":0,"comment_status":"closed","ping_status":"closed","template":"","meta":{"footnotes":""},"class_list":["post-22","page","type-page","status-publish","hentry"],"_links":{"self":[{"href":"https:\/\/psychotherapie-berendes.de\/index.php?rest_route=\/wp\/v2\/pages\/22","targetHints":{"allow":["GET"]}}],"collection":[{"href":"https:\/\/psychotherapie-berendes.de\/index.php?rest_route=\/wp\/v2\/pages"}],"about":[{"href":"https:\/\/psychotherapie-berendes.de\/index.php?rest_route=\/wp\/v2\/types\/page"}],"author":[{"embeddable":true,"href":"https:\/\/psychotherapie-berendes.de\/index.php?rest_route=\/wp\/v2\/users\/1"}],"replies":[{"embeddable":true,"href":"https:\/\/psychotherapie-berendes.de\/index.php?rest_route=%2Fwp%2Fv2%2Fcomments&post=22"}],"version-history":[{"count":4,"href":"https:\/\/psychotherapie-berendes.de\/index.php?rest_route=\/wp\/v2\/pages\/22\/revisions"}],"predecessor-version":[{"id":159,"href":"https:\/\/psychotherapie-berendes.de\/index.php?rest_route=\/wp\/v2\/pages\/22\/revisions\/159"}],"wp:attachment":[{"href":"https:\/\/psychotherapie-berendes.de\/index.php?rest_route=%2Fwp%2Fv2%2Fmedia&parent=22"}],"curies":[{"name":"wp","href":"https:\/\/api.w.org\/{rel}","templated":true}]}}

<p>Wir bieten Verhaltenstherapie für gesetzlich Krankenversicherte, Privatversicherte und Selbstzahler an. Aktuell ist es jedoch ausschließlich möglich bei uns eine Kombi-Therapie bestehend aus Einzel- und Gruppentherapie zu machen. Plätze für eine reine Einzeltherapie bieten wir zur Zeit nicht an.</p>



<p><strong>Was ist eigentlich Verhaltenstherapie?</strong></p>



<p>Ursprünglich geht es bei der Verhaltenstherapie um das Lernen und Verlernen von Verhalten, also die sogenannte Konditionierung. Man geht davon aus, dass ein Verhalten (also was Sie jetzt z.B. stört und was Sie loswerden wollen) irgendwann mal gelernt wurde da es vielleicht einen Zweck erfüllt hat. Wir betrachten also das Verhalten und versuchen Wege zu finden es zu ändern. Dabei schauen wir auch auf die Gedanken, Gefühle und die körperlichen Reaktionen die neben dem Verhalten noch auftreten.</p>



<p>Mittlerweile hat sich die Verhaltenstherapie stark weiterentwickelt. Neben der sog. Kognitiven Verhaltenstherapie – hierbei schaut man sich das WIE und WAS des Denkens genauer an – gibt es auch Verfahren der sog. „Dritten Welle“ wie die klärungsorientierte Psychotherapie oder die Schematherapie.</p>



<p>Bei Interesse erzähle ich Ihnen gerne mehr über die einzelnen Verfahren! Sprechen Sie mich einfach an!</p>



<p><strong>Beziehung ist das A und O in der Therapie</strong></p>



<p>Für mich ist die Psychotherapie eine wertvolle Begegnung zwischen zwei Menschen! Wenn Sie zu mir kommen sollen Sie sich wohlfühlen! Hierbei sind mir ein Kontakt auf Augenhöhe und ein respektvoller Umgang besonders wichtig!</p>

<p>Wir bieten Verhaltenstherapie für gesetzlich Krankenversicherte, Privatversicherte und Selbstzahler an. Aktuell ist es jedoch ausschließlich möglich bei uns eine Kombi-Therapie bestehend aus Einzel- und Gruppentherapie zu machen. Plätze für eine [&hellip;]</p>
