{"id":38,"date":"2021-05-23T13:02:46","date_gmt":"2021-05-23T13:02:46","guid":{"rendered":"https:\/\/psychotherapie-berendes.de\/?page_id=38"},"modified":"2026-03-22T17:47:28","modified_gmt":"2026-03-22T17:47:28","slug":"telefonische-sprechzeiten","status":"publish","type":"page","link":"https:\/\/psychotherapie-berendes.de\/?page_id=38","title":{"rendered":"Telefonische Sprechzeiten"},"content":{"rendered":"\n<p>Bitte nutzen Sie zur Vereinbarung eines Erstgespr\u00e4ches die telefonische Sprechzeit. Wir k\u00f6nnen aus organisatorischen Gr\u00fcnden leider keine Termine per Mail vergeben.<\/p>\n\n\n\n<p><strong>Wir sind zu folgenden Zeiten telefonisch zu erreichen:<\/strong><\/p>\n\n\n\n<p>Dienstag 10:00 &#8211; 12:00 Uhr<\/p>\n\n\n\n<p>Donnerstag 10:00 &#8211; 12:00 Uhr<\/p>\n\n\n\n<p><\/p>\n\n\n\n<p>Bitte nutzen Sie ausschlie\u00dflich diese Zeiten um uns telefonisch zu kontaktieren!<\/p>\n\n\n\n<p>Bei Interesse an einem Termin f\u00fcr eine erste Sprechstunde bei uns in der Praxis kontaktieren Sie uns bitte telefonisch zu unseren Sprechzeiten!<\/p>\n","protected":false},"excerpt":{"rendered":"<p>Bitte nutzen Sie zur Vereinbarung eines Erstgespr\u00e4ches die telefonische Sprechzeit. Wir k\u00f6nnen aus organisatorischen Gr\u00fcnden leider keine Termine per Mail vergeben. Wir sind zu folgenden Zeiten telefonisch zu erreichen: Dienstag [&hellip;]<\/p>\n","protected":false},"author":1,"featured_media":0,"parent":0,"menu_order":0,"comment_status":"closed","ping_status":"closed","template":"","meta":{"footnotes":""},"class_list":["post-38","page","type-page","status-publish","hentry"],"_links":{"self":[{"href":"https:\/\/psychotherapie-berendes.de\/index.php?rest_route=\/wp\/v2\/pages\/38","targetHints":{"allow":["GET"]}}],"collection":[{"href":"https:\/\/psychotherapie-berendes.de\/index.php?rest_route=\/wp\/v2\/pages"}],"about":[{"href":"https:\/\/psychotherapie-berendes.de\/index.php?rest_route=\/wp\/v2\/types\/page"}],"author":[{"embeddable":true,"href":"https:\/\/psychotherapie-berendes.de\/index.php?rest_route=\/wp\/v2\/users\/1"}],"replies":[{"embeddable":true,"href":"https:\/\/psychotherapie-berendes.de\/index.php?rest_route=%2Fwp%2Fv2%2Fcomments&post=38"}],"version-history":[{"count":13,"href":"https:\/\/psychotherapie-berendes.de\/index.php?rest_route=\/wp\/v2\/pages\/38\/revisions"}],"predecessor-version":[{"id":174,"href":"https:\/\/psychotherapie-berendes.de\/index.php?rest_route=\/wp\/v2\/pages\/38\/revisions\/174"}],"wp:attachment":[{"href":"https:\/\/psychotherapie-berendes.de\/index.php?rest_route=%2Fwp%2Fv2%2Fmedia&parent=38"}],"curies":[{"name":"wp","href":"https:\/\/api.w.org\/{rel}","templated":true}]}}

<p>Bitte nutzen Sie zur Vereinbarung eines Erstgespräches die telefonische Sprechzeit. Wir können aus organisatorischen Gründen leider keine Termine per Mail vergeben.</p>



<p><strong>Wir sind zu folgenden Zeiten telefonisch zu erreichen:</strong></p>



<p>Dienstag 10:00 &#8211; 12:00 Uhr</p>



<p>Donnerstag 10:00 &#8211; 12:00 Uhr</p>



<p></p>



<p>Bitte nutzen Sie ausschließlich diese Zeiten um uns telefonisch zu kontaktieren!</p>



<p>Bei Interesse an einem Termin für eine erste Sprechstunde bei uns in der Praxis kontaktieren Sie uns bitte telefonisch zu unseren Sprechzeiten!</p>

<p>Bitte nutzen Sie zur Vereinbarung eines Erstgespräches die telefonische Sprechzeit. Wir können aus organisatorischen Gründen leider keine Termine per Mail vergeben. Wir sind zu folgenden Zeiten telefonisch zu erreichen: Dienstag [&hellip;]</p>
