{"id":41,"date":"2021-05-23T13:09:46","date_gmt":"2021-05-23T13:09:46","guid":{"rendered":"https:\/\/psychotherapie-berendes.de\/?page_id=41"},"modified":"2026-03-19T09:25:51","modified_gmt":"2026-03-19T09:25:51","slug":"jobs","status":"publish","type":"page","link":"https:\/\/psychotherapie-berendes.de\/?page_id=41","title":{"rendered":"Stellenangebote"},"content":{"rendered":"\n<p><strong>Sicherstellungsassistenz<\/strong> &#8211; <strong>Psychologischer Psychotherapeut VT<\/strong><\/p>\n\n\n\n<p>Eintrittsdatum: <strong>ab sofort <\/strong><br>Praxisort: <strong>Wiesloch<\/strong><\/p>\n\n\n\n<p>Liebe Kolleginnen und Kollegen,<\/p>\n\n\n\n<p>ich suche ab <strong>sofort<\/strong> eine\/n approbierte\/n Psychotherapeut\/in (m\/w\/d) f\u00fcr eine Sicherstellungsassistenz f\u00fcr meine gut etablierte Praxis f\u00fcr Verhaltenstherapie f\u00fcr Erwachsene (PP-VT) in Wiesloch, Schatthausen.<\/p>\n\n\n\n<p>Aufgaben sind die Durchf\u00fchrung von Psychotherapien im Einzel- und ggf. auch im Gruppensetting, Auswahl und Durchf\u00fchrung von psychometrischen Testverfahren, eigenst\u00e4ndige Dokumentation und Abrechnung der erbrachten Leistungen im Praxisverwaltungssystem.<\/p>\n\n\n\n<p>Flexible Arbeitszeiteinteilung m\u00f6glich, Gehalt und Vertragsgestaltung orientieren sich an den Empfehlungen der Berufsverb\u00e4nde, kollegiale Unterst\u00fctzung und auch regelm\u00e4\u00dfige Intervision, sowie gr\u00fcndliche Einarbeitung in den Praxisalltag.<\/p>\n\n\n\n<p>Bei Interesse freue ich mich \u00fcber Ihre Bewerbung per E-Mail.<\/p>\n\n\n\n<p>Dipl.-Psych. Sven Berendes<br>Psychologischer Psychotherapeut<br>-Verhaltenstherapie-<\/p>\n\n\n\n<p>Ravensburgstr. 38<br>69168 Wiesloch<\/p>\n\n\n\n<p>Tel: 06222 3180440<br>Fax: 06222 3182430<\/p>\n\n\n\n<p>E-Mail: <a href=\"mailto:praxis@psychotherapie-berendes.de\">praxis@psychotherapie-berendes.de<\/a> <\/p>\n\n\n\n<p><\/p>\n\n\n\n<p><\/p>\n","protected":false},"excerpt":{"rendered":"<p>Sicherstellungsassistenz &#8211; Psychologischer Psychotherapeut VT Eintrittsdatum: ab sofort Praxisort: Wiesloch Liebe Kolleginnen und Kollegen, ich suche ab sofort eine\/n approbierte\/n Psychotherapeut\/in (m\/w\/d) f\u00fcr eine Sicherstellungsassistenz f\u00fcr meine gut etablierte Praxis [&hellip;]<\/p>\n","protected":false},"author":1,"featured_media":0,"parent":0,"menu_order":0,"comment_status":"closed","ping_status":"closed","template":"","meta":{"footnotes":""},"class_list":["post-41","page","type-page","status-publish","hentry"],"_links":{"self":[{"href":"https:\/\/psychotherapie-berendes.de\/index.php?rest_route=\/wp\/v2\/pages\/41","targetHints":{"allow":["GET"]}}],"collection":[{"href":"https:\/\/psychotherapie-berendes.de\/index.php?rest_route=\/wp\/v2\/pages"}],"about":[{"href":"https:\/\/psychotherapie-berendes.de\/index.php?rest_route=\/wp\/v2\/types\/page"}],"author":[{"embeddable":true,"href":"https:\/\/psychotherapie-berendes.de\/index.php?rest_route=\/wp\/v2\/users\/1"}],"replies":[{"embeddable":true,"href":"https:\/\/psychotherapie-berendes.de\/index.php?rest_route=%2Fwp%2Fv2%2Fcomments&post=41"}],"version-history":[{"count":6,"href":"https:\/\/psychotherapie-berendes.de\/index.php?rest_route=\/wp\/v2\/pages\/41\/revisions"}],"predecessor-version":[{"id":85,"href":"https:\/\/psychotherapie-berendes.de\/index.php?rest_route=\/wp\/v2\/pages\/41\/revisions\/85"}],"wp:attachment":[{"href":"https:\/\/psychotherapie-berendes.de\/index.php?rest_route=%2Fwp%2Fv2%2Fmedia&parent=41"}],"curies":[{"name":"wp","href":"https:\/\/api.w.org\/{rel}","templated":true}]}}