{"id":44,"date":"2021-05-23T13:08:06","date_gmt":"2021-05-23T13:08:06","guid":{"rendered":"https:\/\/psychotherapie-berendes.de\/?page_id=44"},"modified":"2025-06-23T08:04:19","modified_gmt":"2025-06-23T08:04:19","slug":"ueber-mich","status":"publish","type":"page","link":"https:\/\/psychotherapie-berendes.de\/?page_id=44","title":{"rendered":"\u00dcber uns"},"content":{"rendered":"\n<p><strong>Unsere Therapeuten<\/strong><\/p>\n\n\n\n<h2 class=\"wp-block-heading\">Sven Berendes<\/h2>\n\n\n\n<figure class=\"wp-block-image size-large\"><img loading=\"lazy\" decoding=\"async\" width=\"1024\" height=\"742\" src=\"https:\/\/psychotherapie-berendes.de\/wp-content\/uploads\/2021\/05\/sven-und-gomez-1-1024x742.jpg\" alt=\"\" class=\"wp-image-23\" srcset=\"https:\/\/psychotherapie-berendes.de\/wp-content\/uploads\/2021\/05\/sven-und-gomez-1-1024x742.jpg 1024w, https:\/\/psychotherapie-berendes.de\/wp-content\/uploads\/2021\/05\/sven-und-gomez-1-300x217.jpg 300w, https:\/\/psychotherapie-berendes.de\/wp-content\/uploads\/2021\/05\/sven-und-gomez-1-768x556.jpg 768w, https:\/\/psychotherapie-berendes.de\/wp-content\/uploads\/2021\/05\/sven-und-gomez-1-1536x1113.jpg 1536w, https:\/\/psychotherapie-berendes.de\/wp-content\/uploads\/2021\/05\/sven-und-gomez-1-1568x1136.jpg 1568w, https:\/\/psychotherapie-berendes.de\/wp-content\/uploads\/2021\/05\/sven-und-gomez-1.jpg 1873w\" sizes=\"auto, (max-width: 1024px) 100vw, 1024px\" \/><\/figure>\n\n\n\n<p>Mein Blindenf\u00fchrhund Gomez, ein treuer Begleiter.<\/p>\n\n\n\n<p>Ich bin 1984 geboren und im April 2018 nach Baden-W\u00fcrttemberg gezogen. Zuvor habe ich in K\u00f6ln bei der Akademie f\u00fcr angewandte Psychologie und Psychotherapie (<a href=\"https:\/\/www.app-koeln.de\/\">APP K\u00f6ln<\/a>) meine Ausbildung zum Verhaltenstherapeuten gemacht. In dieser Zeit habe ich Patienten ambulant in Einzel-und Gruppentherapien behandelt. Des Weiteren habe ich bereits in mehreren Kliniken f\u00fcr Psychiatrie und Psychotherapie gearbeitet. U.a. an der Universit\u00e4tsklinik zu K\u00f6ln und den St. Augustinus Kliniken in Neuss.<\/p>\n\n\n\n<p>In Neuss habe ich auf einer Station f\u00fcr Patienten mit Borderline-St\u00f6rungen (DBT) und anderen Pers\u00f6nlichkeitsst\u00f6rungen gearbeitet. Die Behandlung von Depression, Burnout und Angstst\u00f6rungen ist mir ebenso vertraut wie die Arbeit mit Suchtpatienten.<\/p>\n\n\n\n<p>Mit 27 Jahren habe ich aufgrund einer Erkrankung mein Augenlicht verloren. Dies hat mich zun\u00e4chst in eine tiefe Lebenskrise st\u00fcrzen lassen. Zu dieser Zeit war ich auch in psychotherapeutischer Behandlung. Ich wei\u00df daher wie es sich anf\u00fchlt auf der anderen Seite zu sitzen.<\/p>\n\n\n\n<p>\u2026mittlerweile stehe ich wieder fest im Leben und freue mich \u00fcber jeden Tag der mir geschenkt wird! Es gibt so viel Sch\u00f6nes im Leben was man nicht mit den Augen sehen kann\u2026<\/p>\n\n\n\n<p><strong><em>\u201eIch bin an Ihrer Seite und gehe diesen Weg mit Ihnen!\u201c<\/em><\/strong><\/p>\n\n\n\n<p><\/p>\n\n\n\n<p><\/p>\n\n\n\n<p><strong>Antje Herrmann<\/strong><\/p>\n\n\n\n<p>\u201eMein Name ist Antje Herrmann (Jahrgang 1978) und ich wohne zusammen mit meiner Familie in der Umgebung von Wiesloch, ich bin jedoch geb\u00fcrtige Brandenburgerin. Nach dem Abschluss einer kaufm\u00e4nnischen Ausbildung in Wiesbaden zog es mich zum Psychologiestudium in die Rhein-Neckar-Region. W\u00e4hrend sowie kurz nach meinem Studium arbeitete ich am Zentralinstitut in Mannheim in der Versorgungsforschung, bis ich dann im Anschluss am Deutschen Krebsforschungszentrum in Heidelberg zum Thema Lebensqualit\u00e4t bei Menschen mit Krebserkrankungen forschte. In dieser Zeit hatte ich dort durch die Studienbefragungen viel Kontakt mit Betroffenen, was endg\u00fcltig mein Interesse an der therapeutischen Arbeit mit Menschen weckte. Daher begann ich statt in der Forschung in einer Rehaklinik f\u00fcr Orthop\u00e4die und Kardiologie zu arbeiten. Zeitgleich startete ich mit meiner Ausbildung zur Verhaltenstherapeutin am IVT Kurpfalz in Mannheim. Nach der Erlangung meiner Approbation im Fr\u00fchjahr 2022 arbeitete ich als angestellte Psychologische Psychotherapeutin in einer Praxis in Wagh\u00e4usel und freue mich jetzt, mein Fachwissen in der Praxis von Herrn Berendes einbringen zu k\u00f6nnen. Meine Behandlungsschwerpunkte sind Depressionen, psychosomatische Beschwerdebilder und Schmerzsyndrome, Burn out- und Ersch\u00f6pfungszust\u00e4nde, Trauer- und Belastungsreaktionen sowie Angst- und Panikst\u00f6rungen.\u201c<\/p>\n\n\n\n<p><\/p>\n\n\n\n<p><strong>Sebastian F\u00fcrstenberger<\/strong><\/p>\n\n\n\n<p>Mein Name ist Sebastian F\u00fcrstenberger. Geboren bin ich 1984 in Heidelberg. Mein Wunsch Psychologie zu studieren, ergab sich bereits in jungen Jahren. Als Teenager k\u00e4mpfte ich mit einer schweren depressiven Episode, welche mich in das Sprechzimmer einer Psychotherapeutin f\u00fchrte. Die Gespr\u00e4che halfen mir dabei, verschiedene Dinge in meinem Leben zu ordnen und zu kl\u00e4ren. Am Ende der Therapie war nicht nur die Depression \u00fcberwunden, sondern auch mein Interesse an Psychologie und Psychotherapie geweckt.<\/p>\n\n\n\n<p>Nach dem Abitur sammelte ich im Rahmen eines Freiwilligen Sozialen Jahres in einem therapeutischen Wohnheim f\u00fcr psychisch erkrankte Menschen erste berufliche Erfahrungen. Zum Studium zog ich f\u00fcr mehrere Jahre nach Wien, wo ich den Bachelor- und Masterabschluss im Studienfach Psychologie ablegte. Zur\u00fcck in der Heimat begann ich die Ausbildung zum Psychotherapeuten am Institut f\u00fcr Fort- und Weiterbildung in Klinischer Verhaltenstherapie (IFKV) in Bad D\u00fcrkheim. Zu dieser Zeit arbeitete ich auf einer Station f\u00fcr Patienten mit Borderline-Pers\u00f6nlichkeitsst\u00f6rung und Posttraumatischer Belastungsst\u00f6rung. Au\u00dferdem war ich in der beruflichen Rehabilitation t\u00e4tig, arbeitete auf der Kriseninterventionsstation einer Psychiatrie und behandelte Patienten im ambulanten Setting in einer Praxis in Heidelberg.<\/p>\n\n\n\n<p>Im Fr\u00fchjahr 2025 erhielt ich schlie\u00dflich die Approbation als Psychologischer Psychotherapeut (Fachrichtung Verhaltenstherapie) und freue mich nun sehr auf meine neuen Aufgaben in der Praxis von Herrn Berendes.<\/p>\n\n\n\n<p><\/p>\n","protected":false},"excerpt":{"rendered":"<p>Unsere Therapeuten Sven Berendes Mein Blindenf\u00fchrhund Gomez, ein treuer Begleiter. Ich bin 1984 geboren und im April 2018 nach Baden-W\u00fcrttemberg gezogen. Zuvor habe ich in K\u00f6ln bei der Akademie f\u00fcr [&hellip;]<\/p>\n","protected":false},"author":1,"featured_media":0,"parent":0,"menu_order":0,"comment_status":"closed","ping_status":"closed","template":"","meta":{"footnotes":""},"class_list":["post-44","page","type-page","status-publish","hentry"],"_links":{"self":[{"href":"https:\/\/psychotherapie-berendes.de\/index.php?rest_route=\/wp\/v2\/pages\/44","targetHints":{"allow":["GET"]}}],"collection":[{"href":"https:\/\/psychotherapie-berendes.de\/index.php?rest_route=\/wp\/v2\/pages"}],"about":[{"href":"https:\/\/psychotherapie-berendes.de\/index.php?rest_route=\/wp\/v2\/types\/page"}],"author":[{"embeddable":true,"href":"https:\/\/psychotherapie-berendes.de\/index.php?rest_route=\/wp\/v2\/users\/1"}],"replies":[{"embeddable":true,"href":"https:\/\/psychotherapie-berendes.de\/index.php?rest_route=%2Fwp%2Fv2%2Fcomments&post=44"}],"version-history":[{"count":5,"href":"https:\/\/psychotherapie-berendes.de\/index.php?rest_route=\/wp\/v2\/pages\/44\/revisions"}],"predecessor-version":[{"id":154,"href":"https:\/\/psychotherapie-berendes.de\/index.php?rest_route=\/wp\/v2\/pages\/44\/revisions\/154"}],"wp:attachment":[{"href":"https:\/\/psychotherapie-berendes.de\/index.php?rest_route=%2Fwp%2Fv2%2Fmedia&parent=44"}],"curies":[{"name":"wp","href":"https:\/\/api.w.org\/{rel}","templated":true}]}}